{"id":38,"date":"2020-11-27T15:53:59","date_gmt":"2020-11-27T14:53:59","guid":{"rendered":"http:\/\/www.olimpiciazzurri.it\/annidargento\/?page_id=38"},"modified":"2020-11-30T16:47:35","modified_gmt":"2020-11-30T15:47:35","slug":"consigli-azzurri","status":"publish","type":"page","link":"https:\/\/www.olimpiciazzurri.it\/annidargento\/consigli-azzurri\/","title":{"rendered":"CONSIGLI AZZURRI"},"content":{"rendered":"\n<p><strong>\u2026 (ir)responsabili<\/strong><\/p>\n\n\n\n<p><em>Naturalmente accanto alle attivit\u00e0 fisico motorie da praticare in luoghi chiusi o all\u2019aperto c\u2019\u00e8 la possi\u00adbilit\u00e0 di praticare a livello amatoriale vari tipi di sport (olimpici o meno). Non sta a noi valutare e quindi dare voti per una eventuale classifica sulla rispondenza di tante discipline agli obiettivi prefissati per i \u201cdiversamente giovani\u201d. Quindi quelli che indichiamo sono quelli di squadra o singoli pi\u00f9 facilmente praticabili per diffusione di strutture su quasi tutto il territorio nazionale o che, a livello di attivit\u00e0 moto\u00adria, si possono affrontare abbastanza spesso, ma non sempre, con investimenti economici contenuti, o addirittura nulli.<\/em><\/p>\n\n\n\n<p><em>Abbiamo scelto un titolo volutamente paradossale per sottolineare che i nostri suggerimenti provengo\u00adno da atleti \u201cimportanti\u201d che essi stessi praticano (molti sono gli OVER 64), ma non vogliono sostituirsi alle eventuali indicazioni mediche, che ovviamente sono personalizzate. Quello che vogliamo affer\u00admare \u00e8 che qualsiasi attivit\u00e0 fisica (come dicono gli esperti nel primo capitolo) pu\u00f2 essere salutare. Gli sport che seguono rispondono al principio della facile praticabilit\u00e0, alcuni sono pi\u00f9 soft altri pi\u00f9 portati a provocare eventuali disagi. La misura del tempo e delle modalit\u00e0 con cui si praticano (livello ago\u00adnistico amatoriale, semplice sfida con se stessi per superare il risultato del giorno precedente, ecc.) \u00e8 opportuno che siano confrontati almeno con il medico curante.<\/em><\/p>\n\n\n\n<figure class=\"wp-block-table\"><table><tbody><tr><td><\/td><td><a href=\"https:\/\/www.olimpiciazzurri.it\/annidargento\/camminata-sportiva\/\" data-type=\"page\" data-id=\"165\"><strong>CAMMINATA SPORTIVA<\/strong><br><\/a><em>Alessandro Pezzatini, Campione del mondo marcia a squadre<\/em><\/td><\/tr><tr><td><\/td><td><a href=\"https:\/\/www.olimpiciazzurri.it\/annidargento\/nuoto\/\" data-type=\"page\" data-id=\"167\"><strong>NUOTO<\/strong><br><\/a><em>Riccardo Tempestini, Medaglia d\u2019oro Universiadi (come C.T. pallanuoto)<\/em><\/td><\/tr><tr><td><\/td><td><a href=\"https:\/\/www.olimpiciazzurri.it\/annidargento\/tennis-tavolo\/\" data-type=\"page\" data-id=\"169\"><strong>TENNIS TAVOLO<\/strong><br><\/a><em>Stefano Bosi, pluricampione italiano, disputato 5 campionati mondiali<\/em><\/td><\/tr><tr><td><\/td><td><a href=\"https:\/\/www.olimpiciazzurri.it\/annidargento\/golf\/\" data-type=\"page\" data-id=\"171\"><strong>GOLF<\/strong><br><\/a><em>Baldovino Dass\u00f9, 9 vittorie tour professionistico mondiale<\/em><\/td><\/tr><tr><td><\/td><td><strong><a href=\"https:\/\/www.olimpiciazzurri.it\/annidargento\/canoa\/\" data-type=\"page\" data-id=\"173\">CANOA<\/a><\/strong><br><em>Paolo Salvietti, P.O. Olimpiadi Montreal<\/em><\/td><\/tr><tr><td><\/td><td><a href=\"https:\/\/www.olimpiciazzurri.it\/annidargento\/sci\/\" data-type=\"page\" data-id=\"176\"><strong>SCI<\/strong><br><\/a><em>Dody Nicolussi, giornalista SKY<\/em><\/td><\/tr><tr><td><\/td><td><a href=\"https:\/\/www.olimpiciazzurri.it\/annidargento\/pattinaggio\/\" data-type=\"page\" data-id=\"178\"><strong>PATTINAGGIO<\/strong><br><\/a><em>Letizia Tinghi, pluricampionessa del mondo<\/em><\/td><\/tr><tr><td><\/td><td><a href=\"https:\/\/www.olimpiciazzurri.it\/annidargento\/ciclismo\/\" data-type=\"page\" data-id=\"180\"><strong>CICLISMO<\/strong><br><\/a><em>Alessandro Fiesoli, giornalista specializzato QUOTIDIANO NAZIONALE<\/em><\/td><\/tr><tr><td><\/td><td><a href=\"https:\/\/www.olimpiciazzurri.it\/annidargento\/pallavolo\/\" data-type=\"page\" data-id=\"182\"><strong>PALLAVOLO<\/strong><br><\/a><em>Piero Vannucci, Medaglia d\u2019oro Campionati Europa occidentale<\/em><\/td><\/tr><tr><td><\/td><td><strong><a href=\"https:\/\/www.olimpiciazzurri.it\/annidargento\/tennis\/\" data-type=\"page\" data-id=\"184\">TENNIS<\/a><\/strong><br><em>Ubaldo Scanagatta, direttore di Ubitennis.com, inviato a 160 tornei dello Slam per Quotidiano Nazionale<\/em><\/td><\/tr><tr><td><\/td><td><a href=\"https:\/\/www.olimpiciazzurri.it\/annidargento\/karate\/\" data-type=\"page\" data-id=\"186\"><strong>KARATE<\/strong><br><\/a><em>Claudio Culasso, Campione europeo juniores<\/em><\/td><\/tr><tr><td><\/td><td><a href=\"https:\/\/www.olimpiciazzurri.it\/annidargento\/tiro-con-larco\/\" data-type=\"page\" data-id=\"189\"><strong>TIRO CON L\u2019ARCO<\/strong><br><\/a><em>Guendalina Sartori, Medaglia d\u2019oro campionati del mondo<\/em><\/td><\/tr><\/tbody><\/table><\/figure>\n\n\n\n<hr class=\"wp-block-separator\"\/>\n\n\n\n<hr class=\"wp-block-separator\"\/>\n\n\n\n<hr class=\"wp-block-separator\"\/>\n","protected":false},"excerpt":{"rendered":"<p>\u2026 (ir)responsabili Naturalmente accanto alle attivit\u00e0 fisico motorie da praticare in luoghi chiusi o all\u2019aperto c\u2019\u00e8 la possi\u00adbilit\u00e0 di praticare<\/p>\n","protected":false},"author":3,"featured_media":0,"parent":0,"menu_order":0,"comment_status":"closed","ping_status":"closed","template":"","meta":{"colormag_page_layout":"default_layout","_exactmetrics_skip_tracking":false,"_exactmetrics_sitenote_active":false,"_exactmetrics_sitenote_note":"","_exactmetrics_sitenote_category":0,"footnotes":""},"class_list":["post-38","page","type-page","status-publish","hentry"],"_links":{"self":[{"href":"https:\/\/www.olimpiciazzurri.it\/annidargento\/wp-json\/wp\/v2\/pages\/38","targetHints":{"allow":["GET"]}}],"collection":[{"href":"https:\/\/www.olimpiciazzurri.it\/annidargento\/wp-json\/wp\/v2\/pages"}],"about":[{"href":"https:\/\/www.olimpiciazzurri.it\/annidargento\/wp-json\/wp\/v2\/types\/page"}],"author":[{"embeddable":true,"href":"https:\/\/www.olimpiciazzurri.it\/annidargento\/wp-json\/wp\/v2\/users\/3"}],"replies":[{"embeddable":true,"href":"https:\/\/www.olimpiciazzurri.it\/annidargento\/wp-json\/wp\/v2\/comments?post=38"}],"version-history":[{"count":6,"href":"https:\/\/www.olimpiciazzurri.it\/annidargento\/wp-json\/wp\/v2\/pages\/38\/revisions"}],"predecessor-version":[{"id":191,"href":"https:\/\/www.olimpiciazzurri.it\/annidargento\/wp-json\/wp\/v2\/pages\/38\/revisions\/191"}],"wp:attachment":[{"href":"https:\/\/www.olimpiciazzurri.it\/annidargento\/wp-json\/wp\/v2\/media?parent=38"}],"curies":[{"name":"wp","href":"https:\/\/api.w.org\/{rel}","templated":true}]}}