{"id":36,"date":"2020-11-27T15:53:35","date_gmt":"2020-11-27T14:53:35","guid":{"rendered":"http:\/\/www.olimpiciazzurri.it\/annidargento\/?page_id=36"},"modified":"2021-11-05T15:19:57","modified_gmt":"2021-11-05T14:19:57","slug":"sedentarieta-addio","status":"publish","type":"page","link":"https:\/\/www.olimpiciazzurri.it\/annidargento\/sedentarieta-addio\/","title":{"rendered":"SEDENTARIETA&#8217; ADDIO"},"content":{"rendered":"\n<p><strong>Come, quando e dove fare movimento<\/strong><\/p>\n\n\n\n<p><em>In questo capitolo proponiamo una serie di esercizi per le varie parti del corpo, da praticare con sem\u00adplicit\u00e0, nel chiuso della propria stanza, all\u2019aperto ogni dove, o in una palestra o in una piscina. L\u2019attivit\u00e0 motoria per gli anziani ha un significato fondamentale sia per il fisico che per gli aspetti psicologici che ne derivano: l\u2019impegno muscolare. I rapporti sociali, la mobilit\u00e0 per raggiungere i luoghi di svolgimento delle attivit\u00e0 fisiche. Gli esercizi presentati sono indicati da tanti nostri campioni che li hanno fatti e fatti fare prima di voi, che sono di utilit\u00e0 generalizzata, sottolineando per\u00f2 che \u00e8 la quantit\u00e0 e la durata \u2013 e l\u2019idoneit\u00e0 alle propria caratteristiche muscolari \u2013 dovranno essere soppesate e magari confrontate pre\u00adliminarmente con il proprio medico curante o con uno specialista. La maggior parte di questi esercizi sono praticabili con un minimo di strumentazione e attrezzature tecniche (o addirittura senza, comple\u00adtamente) per cui l\u2019unico ostacolo alla loro esecuzione potrebbe essere la vostra insensibilit\u00e0 sull\u2019argo\u00admento. Siate sensibili, allenate il vostro corpo !!<\/em><\/p>\n\n\n\n<figure class=\"wp-block-table\"><table><tbody><tr><td><\/td><td><a href=\"https:\/\/www.olimpiciazzurri.it\/annidargento\/a-cura-della-sezione-di-padova\/\" data-type=\"page\" data-id=\"87\"><img loading=\"lazy\" decoding=\"async\" width=\"460\" height=\"126\" class=\"wp-image-85\" style=\"width: 460px;\" src=\"https:\/\/www.olimpiciazzurri.it\/annidargento\/wp-content\/uploads\/sites\/3\/2020\/11\/07-01-figurina-padova-scritte.jpg\" alt=\"\" srcset=\"https:\/\/www.olimpiciazzurri.it\/annidargento\/wp-content\/uploads\/sites\/3\/2020\/11\/07-01-figurina-padova-scritte.jpg 1070w, https:\/\/www.olimpiciazzurri.it\/annidargento\/wp-content\/uploads\/sites\/3\/2020\/11\/07-01-figurina-padova-scritte-300x82.jpg 300w, https:\/\/www.olimpiciazzurri.it\/annidargento\/wp-content\/uploads\/sites\/3\/2020\/11\/07-01-figurina-padova-scritte-1024x279.jpg 1024w, https:\/\/www.olimpiciazzurri.it\/annidargento\/wp-content\/uploads\/sites\/3\/2020\/11\/07-01-figurina-padova-scritte-768x210.jpg 768w, https:\/\/www.olimpiciazzurri.it\/annidargento\/wp-content\/uploads\/sites\/3\/2020\/11\/07-01-figurina-padova-scritte-640x175.jpg 640w\" sizes=\"auto, (max-width: 460px) 100vw, 460px\" \/><\/a><\/td><\/tr><tr><td><\/td><td><a href=\"https:\/\/www.olimpiciazzurri.it\/annidargento\/a-cura-della-sezione-di-firenze\/\" data-type=\"page\" data-id=\"94\"><img loading=\"lazy\" decoding=\"async\" width=\"460\" height=\"126\" class=\"wp-image-93\" style=\"width: 460px;\" src=\"https:\/\/www.olimpiciazzurri.it\/annidargento\/wp-content\/uploads\/sites\/3\/2020\/11\/07-02-figurina-firenze-scritte.jpg\" alt=\"\" srcset=\"https:\/\/www.olimpiciazzurri.it\/annidargento\/wp-content\/uploads\/sites\/3\/2020\/11\/07-02-figurina-firenze-scritte.jpg 1070w, https:\/\/www.olimpiciazzurri.it\/annidargento\/wp-content\/uploads\/sites\/3\/2020\/11\/07-02-figurina-firenze-scritte-300x82.jpg 300w, https:\/\/www.olimpiciazzurri.it\/annidargento\/wp-content\/uploads\/sites\/3\/2020\/11\/07-02-figurina-firenze-scritte-1024x279.jpg 1024w, https:\/\/www.olimpiciazzurri.it\/annidargento\/wp-content\/uploads\/sites\/3\/2020\/11\/07-02-figurina-firenze-scritte-768x210.jpg 768w, https:\/\/www.olimpiciazzurri.it\/annidargento\/wp-content\/uploads\/sites\/3\/2020\/11\/07-02-figurina-firenze-scritte-640x175.jpg 640w\" sizes=\"auto, (max-width: 460px) 100vw, 460px\" \/><\/a><\/td><\/tr><tr><td><\/td><td><a href=\"https:\/\/www.olimpiciazzurri.it\/annidargento\/a-cura-della-sezione-di-ferrara\/\" data-type=\"page\" data-id=\"103\"><img loading=\"lazy\" decoding=\"async\" width=\"460\" height=\"126\" class=\"wp-image-102\" style=\"width: 460px;\" src=\"https:\/\/www.olimpiciazzurri.it\/annidargento\/wp-content\/uploads\/sites\/3\/2020\/11\/07-03-figurina-ferrara-scritte.jpg\" alt=\"\" srcset=\"https:\/\/www.olimpiciazzurri.it\/annidargento\/wp-content\/uploads\/sites\/3\/2020\/11\/07-03-figurina-ferrara-scritte.jpg 1070w, https:\/\/www.olimpiciazzurri.it\/annidargento\/wp-content\/uploads\/sites\/3\/2020\/11\/07-03-figurina-ferrara-scritte-300x82.jpg 300w, https:\/\/www.olimpiciazzurri.it\/annidargento\/wp-content\/uploads\/sites\/3\/2020\/11\/07-03-figurina-ferrara-scritte-1024x279.jpg 1024w, https:\/\/www.olimpiciazzurri.it\/annidargento\/wp-content\/uploads\/sites\/3\/2020\/11\/07-03-figurina-ferrara-scritte-768x210.jpg 768w, https:\/\/www.olimpiciazzurri.it\/annidargento\/wp-content\/uploads\/sites\/3\/2020\/11\/07-03-figurina-ferrara-scritte-640x175.jpg 640w\" sizes=\"auto, (max-width: 460px) 100vw, 460px\" \/><\/a><\/td><\/tr><tr><td><\/td><td><a href=\"https:\/\/www.olimpiciazzurri.it\/annidargento\/a-cura-di-paola-viapiano\/\" data-type=\"page\" data-id=\"105\"><img loading=\"lazy\" decoding=\"async\" width=\"460\" height=\"126\" class=\"wp-image-107\" style=\"width: 460px;\" src=\"https:\/\/www.olimpiciazzurri.it\/annidargento\/wp-content\/uploads\/sites\/3\/2020\/11\/07-04-figurina-viapiano-scritte.jpg\" alt=\"\" srcset=\"https:\/\/www.olimpiciazzurri.it\/annidargento\/wp-content\/uploads\/sites\/3\/2020\/11\/07-04-figurina-viapiano-scritte.jpg 1070w, https:\/\/www.olimpiciazzurri.it\/annidargento\/wp-content\/uploads\/sites\/3\/2020\/11\/07-04-figurina-viapiano-scritte-300x82.jpg 300w, https:\/\/www.olimpiciazzurri.it\/annidargento\/wp-content\/uploads\/sites\/3\/2020\/11\/07-04-figurina-viapiano-scritte-1024x279.jpg 1024w, https:\/\/www.olimpiciazzurri.it\/annidargento\/wp-content\/uploads\/sites\/3\/2020\/11\/07-04-figurina-viapiano-scritte-768x210.jpg 768w, https:\/\/www.olimpiciazzurri.it\/annidargento\/wp-content\/uploads\/sites\/3\/2020\/11\/07-04-figurina-viapiano-scritte-640x175.jpg 640w\" sizes=\"auto, (max-width: 460px) 100vw, 460px\" \/><\/a><\/td><\/tr><tr><td><\/td><td><a href=\"https:\/\/www.olimpiciazzurri.it\/annidargento\/a-cura-di-nadia-centoni\/\" data-type=\"page\" data-id=\"111\"><img loading=\"lazy\" decoding=\"async\" width=\"460\" height=\"126\" class=\"wp-image-113\" style=\"width: 460px;\" src=\"https:\/\/www.olimpiciazzurri.it\/annidargento\/wp-content\/uploads\/sites\/3\/2020\/11\/07-05-figurina-centoni-scritte.jpg\" alt=\"\" srcset=\"https:\/\/www.olimpiciazzurri.it\/annidargento\/wp-content\/uploads\/sites\/3\/2020\/11\/07-05-figurina-centoni-scritte.jpg 1070w, https:\/\/www.olimpiciazzurri.it\/annidargento\/wp-content\/uploads\/sites\/3\/2020\/11\/07-05-figurina-centoni-scritte-300x82.jpg 300w, https:\/\/www.olimpiciazzurri.it\/annidargento\/wp-content\/uploads\/sites\/3\/2020\/11\/07-05-figurina-centoni-scritte-1024x279.jpg 1024w, https:\/\/www.olimpiciazzurri.it\/annidargento\/wp-content\/uploads\/sites\/3\/2020\/11\/07-05-figurina-centoni-scritte-768x210.jpg 768w, https:\/\/www.olimpiciazzurri.it\/annidargento\/wp-content\/uploads\/sites\/3\/2020\/11\/07-05-figurina-centoni-scritte-640x175.jpg 640w\" sizes=\"auto, (max-width: 460px) 100vw, 460px\" \/><\/a><\/td><\/tr><tr><td><\/td><td><a href=\"https:\/\/www.olimpiciazzurri.it\/annidargento\/a-cura-della-sezione-di-cremona\/\" data-type=\"page\" data-id=\"115\"><img loading=\"lazy\" decoding=\"async\" width=\"460\" height=\"126\" class=\"wp-image-118\" style=\"width: 460px;\" src=\"https:\/\/www.olimpiciazzurri.it\/annidargento\/wp-content\/uploads\/sites\/3\/2020\/11\/07-06-figurina-cremona-scritte.jpg\" alt=\"\" srcset=\"https:\/\/www.olimpiciazzurri.it\/annidargento\/wp-content\/uploads\/sites\/3\/2020\/11\/07-06-figurina-cremona-scritte.jpg 1070w, https:\/\/www.olimpiciazzurri.it\/annidargento\/wp-content\/uploads\/sites\/3\/2020\/11\/07-06-figurina-cremona-scritte-300x82.jpg 300w, https:\/\/www.olimpiciazzurri.it\/annidargento\/wp-content\/uploads\/sites\/3\/2020\/11\/07-06-figurina-cremona-scritte-1024x279.jpg 1024w, https:\/\/www.olimpiciazzurri.it\/annidargento\/wp-content\/uploads\/sites\/3\/2020\/11\/07-06-figurina-cremona-scritte-768x210.jpg 768w, https:\/\/www.olimpiciazzurri.it\/annidargento\/wp-content\/uploads\/sites\/3\/2020\/11\/07-06-figurina-cremona-scritte-640x175.jpg 640w\" sizes=\"auto, (max-width: 460px) 100vw, 460px\" \/><\/a><\/td><\/tr><tr><td><\/td><td><a href=\"https:\/\/www.olimpiciazzurri.it\/annidargento\/a-cura-della-sezione-di-trento\/\" data-type=\"page\" data-id=\"120\"><img loading=\"lazy\" decoding=\"async\" width=\"460\" height=\"126\" class=\"wp-image-122\" style=\"width: 460px;\" src=\"https:\/\/www.olimpiciazzurri.it\/annidargento\/wp-content\/uploads\/sites\/3\/2020\/11\/07-07-figurina-trento-scritte.jpg\" alt=\"\" srcset=\"https:\/\/www.olimpiciazzurri.it\/annidargento\/wp-content\/uploads\/sites\/3\/2020\/11\/07-07-figurina-trento-scritte.jpg 1070w, https:\/\/www.olimpiciazzurri.it\/annidargento\/wp-content\/uploads\/sites\/3\/2020\/11\/07-07-figurina-trento-scritte-300x82.jpg 300w, https:\/\/www.olimpiciazzurri.it\/annidargento\/wp-content\/uploads\/sites\/3\/2020\/11\/07-07-figurina-trento-scritte-1024x279.jpg 1024w, https:\/\/www.olimpiciazzurri.it\/annidargento\/wp-content\/uploads\/sites\/3\/2020\/11\/07-07-figurina-trento-scritte-768x210.jpg 768w, https:\/\/www.olimpiciazzurri.it\/annidargento\/wp-content\/uploads\/sites\/3\/2020\/11\/07-07-figurina-trento-scritte-640x175.jpg 640w\" sizes=\"auto, (max-width: 460px) 100vw, 460px\" \/><\/a><\/td><\/tr><tr><td><\/td><td><a href=\"https:\/\/www.olimpiciazzurri.it\/annidargento\/a-cura-della-sezione-di-palermo\/\" data-type=\"page\" data-id=\"125\"><img loading=\"lazy\" decoding=\"async\" width=\"460\" height=\"126\" class=\"wp-image-127\" style=\"width: 460px;\" src=\"https:\/\/www.olimpiciazzurri.it\/annidargento\/wp-content\/uploads\/sites\/3\/2020\/11\/07-08-figurina-palermo-scritte.jpg\" alt=\"\" srcset=\"https:\/\/www.olimpiciazzurri.it\/annidargento\/wp-content\/uploads\/sites\/3\/2020\/11\/07-08-figurina-palermo-scritte.jpg 1070w, https:\/\/www.olimpiciazzurri.it\/annidargento\/wp-content\/uploads\/sites\/3\/2020\/11\/07-08-figurina-palermo-scritte-300x82.jpg 300w, https:\/\/www.olimpiciazzurri.it\/annidargento\/wp-content\/uploads\/sites\/3\/2020\/11\/07-08-figurina-palermo-scritte-1024x279.jpg 1024w, https:\/\/www.olimpiciazzurri.it\/annidargento\/wp-content\/uploads\/sites\/3\/2020\/11\/07-08-figurina-palermo-scritte-768x210.jpg 768w, https:\/\/www.olimpiciazzurri.it\/annidargento\/wp-content\/uploads\/sites\/3\/2020\/11\/07-08-figurina-palermo-scritte-640x175.jpg 640w\" sizes=\"auto, (max-width: 460px) 100vw, 460px\" \/><\/a><\/td><\/tr><tr><td><\/td><td><a href=\"https:\/\/www.olimpiciazzurri.it\/annidargento\/a-cura-della-sezione-di-savona\/\" data-type=\"page\" data-id=\"129\"><img loading=\"lazy\" decoding=\"async\" width=\"460\" height=\"126\" class=\"wp-image-132\" style=\"width: 460px;\" src=\"https:\/\/www.olimpiciazzurri.it\/annidargento\/wp-content\/uploads\/sites\/3\/2020\/11\/07-09-figurina-savona-scritte.jpg\" alt=\"\" srcset=\"https:\/\/www.olimpiciazzurri.it\/annidargento\/wp-content\/uploads\/sites\/3\/2020\/11\/07-09-figurina-savona-scritte.jpg 1070w, https:\/\/www.olimpiciazzurri.it\/annidargento\/wp-content\/uploads\/sites\/3\/2020\/11\/07-09-figurina-savona-scritte-300x82.jpg 300w, https:\/\/www.olimpiciazzurri.it\/annidargento\/wp-content\/uploads\/sites\/3\/2020\/11\/07-09-figurina-savona-scritte-1024x279.jpg 1024w, https:\/\/www.olimpiciazzurri.it\/annidargento\/wp-content\/uploads\/sites\/3\/2020\/11\/07-09-figurina-savona-scritte-768x210.jpg 768w, https:\/\/www.olimpiciazzurri.it\/annidargento\/wp-content\/uploads\/sites\/3\/2020\/11\/07-09-figurina-savona-scritte-640x175.jpg 640w\" sizes=\"auto, (max-width: 460px) 100vw, 460px\" \/><\/a><\/td><\/tr><tr><td><\/td><td><a href=\"https:\/\/www.olimpiciazzurri.it\/annidargento\/a-cura-della-sezione-di-cortina-belluno\/\" data-type=\"page\" data-id=\"134\"><img loading=\"lazy\" decoding=\"async\" width=\"460\" height=\"126\" class=\"wp-image-136\" style=\"width: 460px;\" src=\"https:\/\/www.olimpiciazzurri.it\/annidargento\/wp-content\/uploads\/sites\/3\/2020\/11\/07-10-figurina-cortinabelluno-scritte.jpg\" alt=\"\" srcset=\"https:\/\/www.olimpiciazzurri.it\/annidargento\/wp-content\/uploads\/sites\/3\/2020\/11\/07-10-figurina-cortinabelluno-scritte.jpg 1070w, https:\/\/www.olimpiciazzurri.it\/annidargento\/wp-content\/uploads\/sites\/3\/2020\/11\/07-10-figurina-cortinabelluno-scritte-300x82.jpg 300w, https:\/\/www.olimpiciazzurri.it\/annidargento\/wp-content\/uploads\/sites\/3\/2020\/11\/07-10-figurina-cortinabelluno-scritte-1024x279.jpg 1024w, https:\/\/www.olimpiciazzurri.it\/annidargento\/wp-content\/uploads\/sites\/3\/2020\/11\/07-10-figurina-cortinabelluno-scritte-768x210.jpg 768w, https:\/\/www.olimpiciazzurri.it\/annidargento\/wp-content\/uploads\/sites\/3\/2020\/11\/07-10-figurina-cortinabelluno-scritte-640x175.jpg 640w\" sizes=\"auto, (max-width: 460px) 100vw, 460px\" \/><\/a><\/td><\/tr><\/tbody><\/table><\/figure>\n","protected":false},"excerpt":{"rendered":"<p>Come, quando e dove fare movimento In questo capitolo proponiamo una serie di esercizi per le varie parti del corpo,<\/p>\n","protected":false},"author":3,"featured_media":0,"parent":0,"menu_order":0,"comment_status":"closed","ping_status":"closed","template":"","meta":{"colormag_page_layout":"default_layout","_exactmetrics_skip_tracking":false,"_exactmetrics_sitenote_active":false,"_exactmetrics_sitenote_note":"","_exactmetrics_sitenote_category":0,"footnotes":""},"class_list":["post-36","page","type-page","status-publish","hentry"],"_links":{"self":[{"href":"https:\/\/www.olimpiciazzurri.it\/annidargento\/wp-json\/wp\/v2\/pages\/36","targetHints":{"allow":["GET"]}}],"collection":[{"href":"https:\/\/www.olimpiciazzurri.it\/annidargento\/wp-json\/wp\/v2\/pages"}],"about":[{"href":"https:\/\/www.olimpiciazzurri.it\/annidargento\/wp-json\/wp\/v2\/types\/page"}],"author":[{"embeddable":true,"href":"https:\/\/www.olimpiciazzurri.it\/annidargento\/wp-json\/wp\/v2\/users\/3"}],"replies":[{"embeddable":true,"href":"https:\/\/www.olimpiciazzurri.it\/annidargento\/wp-json\/wp\/v2\/comments?post=36"}],"version-history":[{"count":10,"href":"https:\/\/www.olimpiciazzurri.it\/annidargento\/wp-json\/wp\/v2\/pages\/36\/revisions"}],"predecessor-version":[{"id":326,"href":"https:\/\/www.olimpiciazzurri.it\/annidargento\/wp-json\/wp\/v2\/pages\/36\/revisions\/326"}],"wp:attachment":[{"href":"https:\/\/www.olimpiciazzurri.it\/annidargento\/wp-json\/wp\/v2\/media?parent=36"}],"curies":[{"name":"wp","href":"https:\/\/api.w.org\/{rel}","templated":true}]}}